{"id":141,"date":"2017-04-17T12:38:08","date_gmt":"2017-04-17T12:38:08","guid":{"rendered":"http:\/\/builderpress-min.inspirydemos.com\/?page_id=141"},"modified":"2025-09-19T10:07:11","modified_gmt":"2025-09-19T10:07:11","slug":"ana-sayfa","status":"publish","type":"page","link":"https:\/\/stchidrolik.com\/","title":{"rendered":"Ana Sayfa"},"content":{"rendered":"<p>[vc_row full_width=&#8221;stretch_row_content_no_spaces&#8221;][vc_column]<div class=\"wrapper-main-slider slider-var1 common-vc-class \"><div class=\"main-slider owl-carousel owl-theme\"><\/div><\/div>[layerslider_vc id=&#8221;1&#8243;][\/vc_column][\/vc_row][vc_row full_width=&#8221;stretch_row_content_no_spaces&#8221; content_placement=&#8221;middle&#8221;][vc_column width=&#8221;1\/3&#8243;][vc_column_text]<\/p>\n<p style=\"text-align: center;\"><span style=\"color: #000000;\"><strong>VAKUM<\/strong><\/span><\/p>\n<p>[\/vc_column_text][vc_single_image image=&#8221;780&#8243; img_size=&#8221;medium&#8221; alignment=&#8221;center&#8221; onclick=&#8221;custom_link&#8221; img_link_target=&#8221;_blank&#8221; css_animation=&#8221;fadeIn&#8221; link=&#8221;https:\/\/fipa.com\/de-DE\/category\/vakuumkomponenten&#8221;][vc_separator color=&#8221;white&#8221;][\/vc_column][vc_column width=&#8221;1\/3&#8243;][vc_column_text]<\/p>\n<p style=\"text-align: center;\"><span style=\"color: #000000;\"><strong>H\u0130DROL\u0130K<\/strong><\/span><\/p>\n<p>[\/vc_column_text][vc_single_image image=&#8221;765&#8243; img_size=&#8221;medium&#8221; alignment=&#8221;center&#8221; onclick=&#8221;custom_link&#8221; css_animation=&#8221;fadeIn&#8221; link=&#8221;https:\/\/stchidrolik.com\/?project=hidrolik&#8221;][\/vc_column][vc_column width=&#8221;1\/3&#8243;][vc_column_text]<\/p>\n<p style=\"text-align: center;\"><span style=\"color: #000000;\"><strong>PNOMAT\u0130K<\/strong><\/span><\/p>\n<p>[\/vc_column_text][vc_single_image image=&#8221;605&#8243; img_size=&#8221;medium&#8221; add_caption=&#8221;yes&#8221; alignment=&#8221;center&#8221; onclick=&#8221;custom_link&#8221; css_animation=&#8221;fadeIn&#8221; link=&#8221;https:\/\/stchidrolik.com\/?project=pnomatik&#8221;][vc_separator color=&#8221;white&#8221;][\/vc_column][\/vc_row][vc_row full_width=&#8221;stretch_row&#8221;][vc_column]<div class=\"section-heading-intro common-vc-class text-center\"><h2 style=\"color:#1a1a1a\">\u00c7ALI\u015eTI\u011eIMIZ SEKT\u00d6RLER<\/h2><p style=\"color:#808080\" class=\"section-text\">STC Hidrolik olarak faaliyet g\u00f6sterdi\u011fimiz sekt\u00f6rler!<\/p><\/div>[vc_row_inner][vc_column_inner width=&#8221;1\/2&#8243;][vc_column_text]<\/p>\n<h3 style=\"text-align: center;\"><span style=\"color: #000000;\"><strong>DEM\u0130R &amp; \u00c7EL\u0130K<\/strong><\/span><\/h3>\n<p>[\/vc_column_text][vc_separator color=&#8221;black&#8221; el_width=&#8221;40&#8243;][vc_single_image image=&#8221;610&#8243; img_size=&#8221;400&#215;300&#8243; alignment=&#8221;center&#8221; onclick=&#8221;custom_link&#8221; link=&#8221;https:\/\/stchidrolik.com\/?page_id=570&#8243;][\/vc_column_inner][vc_column_inner width=&#8221;1\/2&#8243;][vc_column_text]<\/p>\n<h3 style=\"text-align: center;\"><span style=\"color: #000000;\"><strong>PNOMAT\u0130K<\/strong><\/span><\/h3>\n<p>[\/vc_column_text][vc_separator color=&#8221;black&#8221; el_width=&#8221;40&#8243;][vc_single_image image=&#8221;611&#8243; img_size=&#8221;400&#215;300&#8243; alignment=&#8221;center&#8221; onclick=&#8221;custom_link&#8221; link=&#8221;https:\/\/stchidrolik.com\/?project=pnomatik&#8221;][\/vc_column_inner][\/vc_row_inner][vc_row_inner][vc_column_inner width=&#8221;1\/2&#8243;][vc_column_text]<\/p>\n<h3 style=\"text-align: center;\"><span style=\"color: #000000;\"><strong>PRES TEKNOLOJ\u0130LER\u0130<\/strong><\/span><\/h3>\n<p>[\/vc_column_text][vc_separator color=&#8221;black&#8221; el_width=&#8221;60&#8243;][vc_single_image image=&#8221;612&#8243; img_size=&#8221;400&#215;300&#8243; alignment=&#8221;center&#8221; onclick=&#8221;custom_link&#8221; link=&#8221;https:\/\/stchidrolik.com\/?page_id=570&#8243;][\/vc_column_inner][vc_column_inner width=&#8221;1\/2&#8243;][vc_column_text]<\/p>\n<h3 style=\"text-align: center;\"><span style=\"color: #000000;\"><strong>\u00d6ZEL MAK\u0130NELER<\/strong><\/span><\/h3>\n<p>[\/vc_column_text][vc_separator color=&#8221;black&#8221; el_width=&#8221;50&#8243;][vc_single_image image=&#8221;613&#8243; img_size=&#8221;400&#215;300&#8243; alignment=&#8221;center&#8221; onclick=&#8221;custom_link&#8221; link=&#8221;https:\/\/stchidrolik.com\/?page_id=570&#8243;][\/vc_column_inner][\/vc_row_inner][\/vc_column][\/vc_row][vc_row full_width=&#8221;stretch_row&#8221; css_animation=&#8221;fadeInUp&#8221;][vc_column]<div class=\"section-heading-intro common-vc-class text-center\"><h2 style=\"color:#1a1a1a\">F\u0130PA<\/h2><\/div>[vc_row_inner][vc_column_inner width=&#8221;1\/2&#8243;][vc_single_image image=&#8221;819&#8243; img_size=&#8221;full&#8221; alignment=&#8221;center&#8221; onclick=&#8221;custom_link&#8221; img_link_target=&#8221;_blank&#8221; link=&#8221;https:\/\/fipa.com\/en-TR\/about-fipa\/latest-news\/videos&#8221;][\/vc_column_inner][vc_column_inner width=&#8221;1\/2&#8243;][vc_single_image image=&#8221;818&#8243; img_size=&#8221;full&#8221; alignment=&#8221;center&#8221; onclick=&#8221;custom_link&#8221; img_link_target=&#8221;_blank&#8221; link=&#8221;https:\/\/fipa.com\/en-TR\/about-fipa\/services\/info-catalogs&#8221;][\/vc_column_inner][\/vc_row_inner][\/vc_column][\/vc_row][vc_row css_animation=&#8221;fadeInUp&#8221;][vc_column][vc_column_text]<\/p>\n<h3 style=\"text-align: center;\"><span style=\"color: #000000;\">TEDAR\u0130K\u00c7\u0130S\u0130 OLDU\u011eUMUZ MARKALAR<\/span><\/h3>\n<p>[\/vc_column_text][vc_row_inner][vc_column_inner][vc_gallery interval=&#8221;3&#8243; images=&#8221;850&#8243; img_size=&#8221;full&#8221; css_animation=&#8221;fadeIn&#8221;][\/vc_column_inner][\/vc_row_inner][\/vc_column][\/vc_row][vc_row full_width=&#8221;stretch_row&#8221; css_animation=&#8221;fadeInUp&#8221;][vc_column]<div class=\"section-heading-intro common-vc-class text-center\"><h2 style=\"color:#1a1a1a\">REFERANSLARIMIZ<\/h2><p style=\"color:#808080\" class=\"section-text\">Birlikte \u00e7al\u0131\u015ft\u0131\u011f\u0131m\u0131z markalara g\u00f6z at\u0131n!<\/p><\/div>[vc_row_inner][vc_column_inner][vc_gallery interval=&#8221;3&#8243; images=&#8221;812,813,814&#8243; img_size=&#8221;full&#8221; css_animation=&#8221;fadeIn&#8221;][\/vc_column_inner][\/vc_row_inner][\/vc_column][\/vc_row]<\/p>\n","protected":false},"excerpt":{"rendered":"<p>[vc_row full_width=&#8221;stretch_row_content_no_spaces&#8221;][vc_column][layerslider_vc id=&#8221;1&#8243;][\/vc_column][\/vc_row][vc_row full_width=&#8221;stretch_row_content_no_spaces&#8221; content_placement=&#8221;middle&#8221;][vc_column width=&#8221;1\/3&#8243;][vc_column_text] VAKUM [\/vc_column_text][vc_single_image image=&#8221;780&#8243; img_size=&#8221;medium&#8221; alignment=&#8221;center&#8221; onclick=&#8221;custom_link&#8221; img_link_target=&#8221;_blank&#8221; css_animation=&#8221;fadeIn&#8221; link=&#8221;https:\/\/fipa.com\/de-DE\/category\/vakuumkomponenten&#8221;][vc_separator color=&#8221;white&#8221;][\/vc_column][vc_column width=&#8221;1\/3&#8243;][vc_column_text] H\u0130DROL\u0130K [\/vc_column_text][vc_single_image image=&#8221;765&#8243;&#8230;<\/p>\n","protected":false},"author":1,"featured_media":0,"parent":0,"menu_order":0,"comment_status":"closed","ping_status":"closed","template":"","meta":{"footnotes":""},"class_list":["post-141","page","type-page","status-publish","hentry"],"_links":{"self":[{"href":"https:\/\/stchidrolik.com\/index.php?rest_route=\/wp\/v2\/pages\/141","targetHints":{"allow":["GET"]}}],"collection":[{"href":"https:\/\/stchidrolik.com\/index.php?rest_route=\/wp\/v2\/pages"}],"about":[{"href":"https:\/\/stchidrolik.com\/index.php?rest_route=\/wp\/v2\/types\/page"}],"author":[{"embeddable":true,"href":"https:\/\/stchidrolik.com\/index.php?rest_route=\/wp\/v2\/users\/1"}],"replies":[{"embeddable":true,"href":"https:\/\/stchidrolik.com\/index.php?rest_route=%2Fwp%2Fv2%2Fcomments&post=141"}],"version-history":[{"count":41,"href":"https:\/\/stchidrolik.com\/index.php?rest_route=\/wp\/v2\/pages\/141\/revisions"}],"predecessor-version":[{"id":705,"href":"https:\/\/stchidrolik.com\/index.php?rest_route=\/wp\/v2\/pages\/141\/revisions\/705"}],"wp:attachment":[{"href":"https:\/\/stchidrolik.com\/index.php?rest_route=%2Fwp%2Fv2%2Fmedia&parent=141"}],"curies":[{"name":"wp","href":"https:\/\/api.w.org\/{rel}","templated":true}]}}